 the remainder when 282 is divided by o?
54
Let h = 10 - -73. Suppose -5*q + 1746 - 441 = 4*z, -4*q = 5*z - 1638. Calculate the remainder when z is divided by h.
81
Let m be (51 + -36)*(0 + (-2)/(-2)). What is the remainder when 118 is divided by m/4*(-42 - -46)?
13
Suppose -5*n - 10 = 3*g, -5*g - 6 = 3*n - 8*g. Let y be -7 - -8 - (-3 + n + -134). Suppose 143*d = y*d + 42. What is the remainder when d is divided by 5?
4
Suppose 64*k + 16 = 60*k. Calculate the remainder when 199 is divided by 24614/341 - k/(-22).
55
Let t(k) = 62*k - 1. Let f(u) = u**3 - 107*u**2 - 1044*u + 17. Calculate the remainder when t(1) is divided by f(-9).
10
Let o = -73 + 101. Suppose -2*z - 3*z = d - 73, -z + 3*d = -21. Calculate the remainder when o is divided by z.
13
What is the remainder when (828/144 - (3 + -4 + 7))*-2140 is divided by 67?
66
Suppose 0 = -4*r - r, 1050 = k - 5*r + r. Calculate the remainder when k is divided by 521.
8
Let x = 70 + -102. Let d = x - -84. Suppose 56774*i - 56442*i = 6308. Calculate the remainder when d is divided by i.
14
Let i(c) = -32*c**2 - 3*c - 3. Let q be i(2). Let h = 150 + q. Suppose 0 = -a - 2*a + 78. What is the remainder when a is divided by h?
0
Let u = -19558 + 19686. Calculate the remainder when u is divided by (-72)/(-2) - (0 - -3).
29
Suppose -4*q + 39 = -5*t, -q + 0*t + 3 = -8*t. Calculate the remainder when 1392 is divided by q.
6
What is the remainder when 2959 is divided by 788/4*75/25 + 2 + -2?
4
Suppose 7*x - 11*x + 2704 = 3*k, -2*k - x + 1796 = 0. Calculate the remainder when k is divided by 31.
28
Suppose 10 = 3*t - 14. Let p be (-18)/(-27) - (-34)/(-6). Calculate the remainder when ((-32)/(-6) + p)*39 is divided by t.
5
What is the remainder when 2541 is divided by -5*(13 + -12)*32/(-10)?
13
Let l(i) = -i**2 - 17*i + 73. Let r be l(-24). Let f = -93 - r. What is the remainder when 16 is divided by f?
0
Let o(h) = -h - 12. Let a be o(5). Let r = -7 - a. Let n = 107 + -59. What is the remainder when n is divided by r?
8
Let s(n) = n**3 + 2*n**2 - 6*n - 5. Let o = -88 - -86. Let k be s(o). Suppose -k*g + 16 = -3*g. What is the remainder when g is divided by 4?
0
Let n(y) = -89*y + 1474. What is the remainder when 159 is divided by n(16)?
9
Suppose -2*q - 9*s = -11*s - 360, 2*s = -4*q + 714. What is the remainder when q is divided by 20?
19
Suppose 4*o - 5*d = 356, 4*d + 89 = o + d. Let m = 11 + -7. Suppose -x = -m*x + 69. What is the remainder when o is divided by x?
20
Suppose 6323*f - 6332*f + 207 = 0. Suppose -k - 46 = -5*z - 16, 5*k = z - 30. Suppose 0 = z*s - 666 + 101. Calculate the remainder when s is divided by f.
21
Suppose 6*s = 2*s + 636. Let p(o) = -4 + 9*o - 15 - 1 - 7. What is the remainder when s is divided by p(5)?
15
Suppose 4*v + 1 = 5. Let n = 2 + v. What is the remainder when 14 is divided by n?
2
Let n(k) = k**2 + k + 4. Suppose -3*r + 6 = -q - r, 11 = -q + 3*r. Let t be n(q). Suppose -t*x + 17*x = -126. Calculate the remainder when x is divided by 7.
4
Suppose p - 6 = -4, 0 = -3*q + p + 2209. Calculate the remainder when q is divided by 123.
122
Suppose -5*j + 1091 = -5*v - 909, 2*j + 4*v = 830. Calculate the remainder when j is divided by 12.
9
Suppose 3*j = -2*j + 2*g + 243, 0 = 2*j - 2*g - 102. Suppose 3*w - 2*w + 27 = 0. Let o = 165 + w. Calculate the remainder when o is divided by j.
44
Let t = 267 - 258. Suppose -t*s - 138 = -11*s. What is the remainder when s is divided by 21?
6
Let c be 1801/5 - (-7)/(-35). Suppose 50 + c = 10*k. What is the remainder when k is divided by 15?
11
Let z(k) = k**2 - 16*k - 2. Suppose -29*i - 63 = -32*i. Suppose i + 26 = 3*t - 4*o, 4*o + 21 = t. Calculate the remainder when z(21) is divided by t.
12
Let s = -48 - -154. Suppose 5*m - 3*t + 27 = -5, 5*t = m + 2. Let l(c) = -3*c + 6. What is the remainder when s is divided by l(m)?
25
Calculate the remainder when (-105*(-308)/990)/((-1)/(-18)) is divided by 77.
49
Let r(f) = -f + 17. Let d be r(3). Suppose 0 = -4*v + 5*a + 47 + d, 10 = v - 3*a. Let j = 19 + -9. What is the remainder when v is divided by j?
9
Let i = 170 + -99. Suppose 0 = -4*k + 81 + i. Suppose 0 = 3*r + 2*l - k, -2*l + 4*l = -r + 18. Calculate the remainder when 47 is divided by r.
7
Suppose -203668 = -2*g - 116*g - 0*g. Calculate the remainder when g is divided by 24.
22
Suppose -10*n + 15*n - 385 = 0. Let v = 118 - n. Calculate the remainder when v is divided by 29.
12
Let y(p) = -138*p - 759. Let h = 88 - 35. Calculate the remainder when y(-7) is divided by h.
48
Suppose 4*d - 5*t = 273, 3*d - 203 = -4*t + 6*t. Calculate the remainder when d is divided by (-184)/(-10)*15/6.
21
Let k(v) = 10*v**2 + 7*v + 10. Let r be k(-3). Suppose -3*a = -q + 3 - r, 2*a = 2*q + 52. What is the remainder when 5*(-1 + (-91)/(-5)) is divided by a?
11
Let n(o) = 13*o**2 - 3*o + 1. What is the remainder when 157 is divided by n(-1)?
4
Let y = -268 + 280. Suppose -y*g + 1506 = -582. Calculate the remainder when g is divided by 44.
42
Suppose 680 - 1200 = -40*q. What is the remainder when 1101 is divided by q?
9
Suppose -3*u - 2*q + 91 = 0, 34*u + q = 39*u - 169. What is the remainder when u is divided by 21?
12
Let s = -339 - -350. Suppose s*u - 72 = -7*u. What is the remainder when ((-4)/12)/(2/(-48)) is divided by u?
0
Let h = 223 + -223. Suppose 3*k - 80 = -a, h*k + 5*a = k - 32. What is the remainder when k is divided by 23?
4
Let r(i) = 2*i + 187. Let f be r(26). Suppose g - 2 = -0. Suppose f = 3*y - w, 0*y - g*y + 150 = 4*w. Calculate the remainder when y is divided by 20.
19
Let j = -79 + 32. Let h(l) = 16*l - 7. Let u be h(6). Let d = u + j. What is the remainder when d is divided by 16?
10
Suppose -13*d + 18*d = 975. Let j(l) = 11*l**2 + 23*l + 32. Calculate the remainder when d is divided by j(-3).
9
Suppose -v - 5*u = -45, 5*v - 47 = -u + 82. Let k = v - 22. Let h(d) = 2*d**2 - 4*d + 7. What is the remainder when h(k) is divided by 7?
6
Let j be 1 + (1 + -1)/(-1). Suppose -b + 5*u + 43 = 6, -2*b = 5*u + 16. Suppose -o + b - j = 0. Calculate the remainder when 29 is divided by o.
5
Suppose -2*m + 23 = -7. Suppose -419 = -192*i + 102*i + 661. Calculate the remainder when m is divided by i.
3
Let o(i) be the second derivative of -9*i**3/2 + 151*i**2/2 - 21*i + 4. Calculate the remainder when 334 is divided by o(5).
14
Let v = -28 + 49. Suppose 97 - v = -4*g. Let k = 23 + g. Calculate the remainder when 13 is divided by k.
1
Let g = 7192 - 7031. What is the remainder when g is divided by 27?
26
Let m = 12614 - 12369. Calculate the remainder when m is divided by 41.
40
What is the remainder when (-71)/(-2201) + 65097/93 is divided by 229?
13
Suppose 5*f - 4*x - 1589 = 1960, 2*f = -3*x + 1438. What is the remainder when f is divided by 62?
31
Let t be (-71)/((6/27)/((-2)/3)). Let h = -204 + t. Calculate the remainder when 113 is divided by h.
5
Let c = 29 - -3. Suppose 3*n = -4*z + 5, 5 = -4*z - 6*n + n. Suppose -c - 13 = -z*s. Calculate the remainder when 16 is divided by s.
7
Let c = 182 + -194. What is the remainder when 5*(9/c)/((-15)/88) is divided by 13?
9
Let w(h) = 13*h**3 - 2*h**2 + 8*h - 12. Let r = 235 + -222. Calculate the remainder when w(2) is divided by r.
9
Let v(w) = w - 1. Let g(t) = 50*t - 146. Let r(l) = g(l) + 3*v(l). Suppose m = -2*m + 117. Calculate the remainder when r(5) is divided by m.
38
Let h = 153 - 93. Suppose -243 = -28*g - 1671. Let j = h + g. What is the remainder when 23 is divided by j?
5
Let q(t) = 11606*t**2 + 26*t - 5. What is the remainder when q(-1) is divided by 51?
49
Let f(t) = t**2 + 21*t - 2344. Calculate the remainder when f(-64) is divided by 3.
0
Let q = -10322 + 10520. What is the remainder when 5144 is divided by q?
194
Let m(g) = 17*g - 55. Let j be m(16). Let u = j + -168. What is the remainder when 192 is divided by u?
45
Suppose 319*k = 265*k + 7884. Calculate the remainder when 865 is divided by k.
135
Let a(k) = 2*k**3 - 15*k**2 + 26*k - 1. Let t be a(5). Let q(l) = -l**3 + 7*l**2 - 10*l + 34. What is the remainder when 132 is divided by q(t)?
6
Suppose 5*q - 300 = -4*a, 13*a = 9*a - 3*q + 292. What is the remainder when 466 is divided by a?
46
Let a = -160 + 162. Suppose -h + 150 = 2*w, -4*w + 5*h + 47 + 225 = 0. Let i = 103 - w. What is the remainder when i is divided by a?
0
Suppose 78*